{"id":153,"date":"2024-11-05T10:06:37","date_gmt":"2024-11-05T10:06:37","guid":{"rendered":"https:\/\/www.insiemein.eu\/?page_id=153"},"modified":"2024-11-08T13:32:29","modified_gmt":"2024-11-08T13:32:29","slug":"blog","status":"publish","type":"page","link":"https:\/\/www.insiemein.eu\/en\/blog\/","title":{"rendered":"Blog"},"content":{"rendered":"<p class=\"has-small-font-size\"><\/p>\n\n\n\n<div class=\"wp-block-query is-layout-flow wp-block-query-is-layout-flow\"><ul class=\"wp-block-post-template is-layout-flow wp-block-post-template-is-layout-flow\"><li class=\"wp-block-post post-557 post type-post status-publish format-standard has-post-thumbnail hentry category-notizie tag-carote tag-estero tag-italia entry has-media\">\n\n<div class=\"wp-block-columns are-vertically-aligned-top is-layout-flex wp-container-core-columns-is-layout-1 wp-block-columns-is-layout-flex\">\n<div class=\"wp-block-column is-vertically-aligned-top is-layout-flow wp-block-column-is-layout-flow\" style=\"flex-basis:25%\"><figure class=\"wp-block-post-featured-image\"><a href=\"https:\/\/www.insiemein.eu\/en\/notizie\/carote-di-primavera-fresche-e-croccanti-per-il-mercato-italiano-ed-estero\/\" target=\"_self\"  ><img fetchpriority=\"high\" decoding=\"async\" width=\"960\" height=\"1280\" src=\"https:\/\/www.insiemein.eu\/wp-content\/uploads\/2024\/11\/Carote-3-Large.jpeg\" class=\"attachment-post-thumbnail size-post-thumbnail wp-post-image\" alt=\"Carote di Primavera: Fresche e Croccanti per il Mercato Italiano ed Estero\" style=\"object-fit:cover;\" srcset=\"https:\/\/www.insiemein.eu\/wp-content\/uploads\/2024\/11\/Carote-3-Large.jpeg 960w, https:\/\/www.insiemein.eu\/wp-content\/uploads\/2024\/11\/Carote-3-Large-225x300.jpeg 225w, https:\/\/www.insiemein.eu\/wp-content\/uploads\/2024\/11\/Carote-3-Large-768x1024.jpeg 768w, https:\/\/www.insiemein.eu\/wp-content\/uploads\/2024\/11\/Carote-3-Large-9x12.jpeg 9w\" sizes=\"(max-width: 960px) 100vw, 960px\" \/><\/a><\/figure><\/div>\n\n\n\n<div class=\"wp-block-column is-vertically-aligned-top is-layout-flow wp-block-column-is-layout-flow\" style=\"flex-basis:75%\"><div style=\"font-size:11px;\" class=\"wp-block-post-date\"><time datetime=\"2024-05-27T12:00:00+00:00\">May 27, 2024<\/time><\/div>\n\n<h2 class=\"wp-block-post-title\"><a href=\"https:\/\/www.insiemein.eu\/en\/notizie\/carote-di-primavera-fresche-e-croccanti-per-il-mercato-italiano-ed-estero\/\" target=\"_self\" >Spring Carrots: Fresh and Crispy for the Italian and Foreign Market<\/a><\/h2>\n\n<div class=\"wp-block-post-excerpt\"><p class=\"wp-block-post-excerpt__excerpt\">A maggio, le carote italiane raggiungono il loro picco di raccolta. Quest\u2019anno le condizioni climatiche hanno favorito la produzione di carote fresche, dolci e ricche di vitamine, pronte per essere distribuite sia sul mercato nazionale che internazionale. Le carote sono particolarmente apprezzate per la loro croccantezza e l&#8217;assenza di residui chimici. Ideali sia per il&hellip;<\/p><p class=\"wp-block-post-excerpt__more-text\"><a class=\"wp-block-post-excerpt__more-link\" href=\"https:\/\/www.insiemein.eu\/en\/notizie\/carote-di-primavera-fresche-e-croccanti-per-il-mercato-italiano-ed-estero\/\">Contina a leggere&#8230;<\/a><\/p><\/div><\/div>\n<\/div>\n\n<\/li><li class=\"wp-block-post post-553 post type-post status-publish format-standard has-post-thumbnail hentry category-notizie tag-estero tag-raccolta tag-rucola entry has-media\">\n\n<div class=\"wp-block-columns are-vertically-aligned-top is-layout-flex wp-container-core-columns-is-layout-2 wp-block-columns-is-layout-flex\">\n<div class=\"wp-block-column is-vertically-aligned-top is-layout-flow wp-block-column-is-layout-flow\" style=\"flex-basis:25%\"><figure class=\"wp-block-post-featured-image\"><a href=\"https:\/\/www.insiemein.eu\/en\/notizie\/aumenta-la-raccolta-della-rucola-bio-per-il-mercato-estero\/\" target=\"_self\"  ><img decoding=\"async\" width=\"960\" height=\"1280\" src=\"https:\/\/www.insiemein.eu\/wp-content\/uploads\/2024\/11\/Insalata-2-Large.jpeg\" class=\"attachment-post-thumbnail size-post-thumbnail wp-post-image\" alt=\"Aumenta la Raccolta della Rucola Bio per il Mercato Estero\" style=\"object-fit:cover;\" srcset=\"https:\/\/www.insiemein.eu\/wp-content\/uploads\/2024\/11\/Insalata-2-Large.jpeg 960w, https:\/\/www.insiemein.eu\/wp-content\/uploads\/2024\/11\/Insalata-2-Large-225x300.jpeg 225w, https:\/\/www.insiemein.eu\/wp-content\/uploads\/2024\/11\/Insalata-2-Large-768x1024.jpeg 768w, https:\/\/www.insiemein.eu\/wp-content\/uploads\/2024\/11\/Insalata-2-Large-9x12.jpeg 9w\" sizes=\"(max-width: 960px) 100vw, 960px\" \/><\/a><\/figure><\/div>\n\n\n\n<div class=\"wp-block-column is-vertically-aligned-top is-layout-flow wp-block-column-is-layout-flow\" style=\"flex-basis:75%\"><div style=\"font-size:11px;\" class=\"wp-block-post-date\"><time datetime=\"2024-05-20T12:00:00+00:00\">May 20, 2024<\/time><\/div>\n\n<h2 class=\"wp-block-post-title\"><a href=\"https:\/\/www.insiemein.eu\/en\/notizie\/aumenta-la-raccolta-della-rucola-bio-per-il-mercato-estero\/\" target=\"_self\" >The harvest of organic rocket for the foreign market increases<\/a><\/h2>\n\n<div class=\"wp-block-post-excerpt\"><p class=\"wp-block-post-excerpt__excerpt\">Maggio \u00e8 un mese cruciale per la raccolta della rucola biologica destinata all\u2019esportazione. Grazie a condizioni climatiche favorevoli e tecniche di coltivazione sostenibili, quest&#8217;anno si registra un aumento della produzione. La rucola bio italiana, apprezzata per il suo sapore pungente e le sue qualit\u00e0 nutritive, \u00e8 sempre pi\u00f9 richiesta in mercati come Germania, Francia e&hellip;<\/p><p class=\"wp-block-post-excerpt__more-text\"><a class=\"wp-block-post-excerpt__more-link\" href=\"https:\/\/www.insiemein.eu\/en\/notizie\/aumenta-la-raccolta-della-rucola-bio-per-il-mercato-estero\/\">Contina a leggere&#8230;<\/a><\/p><\/div><\/div>\n<\/div>\n\n<\/li><li class=\"wp-block-post post-551 post type-post status-publish format-standard has-post-thumbnail hentry category-notizie tag-campagna tag-cocomeri tag-estate entry has-media\">\n\n<div class=\"wp-block-columns are-vertically-aligned-top is-layout-flex wp-container-core-columns-is-layout-3 wp-block-columns-is-layout-flex\">\n<div class=\"wp-block-column is-vertically-aligned-top is-layout-flow wp-block-column-is-layout-flow\" style=\"flex-basis:25%\"><figure class=\"wp-block-post-featured-image\"><a href=\"https:\/\/www.insiemein.eu\/en\/notizie\/inizia-la-campagna-dei-cocomeri-frutti-dolci-e-freschi-pronti-per-lestate\/\" target=\"_self\"  ><img decoding=\"async\" width=\"272\" height=\"318\" src=\"https:\/\/www.insiemein.eu\/wp-content\/uploads\/2024\/11\/Cocomero.png\" class=\"attachment-post-thumbnail size-post-thumbnail wp-post-image\" alt=\"Inizia la Campagna dei Cocomeri: Frutti Dolci e Freschi Pronti per l\u2019Estate\" style=\"object-fit:cover;\" srcset=\"https:\/\/www.insiemein.eu\/wp-content\/uploads\/2024\/11\/Cocomero.png 272w, https:\/\/www.insiemein.eu\/wp-content\/uploads\/2024\/11\/Cocomero-257x300.png 257w, https:\/\/www.insiemein.eu\/wp-content\/uploads\/2024\/11\/Cocomero-10x12.png 10w\" sizes=\"(max-width: 272px) 100vw, 272px\" \/><\/a><\/figure><\/div>\n\n\n\n<div class=\"wp-block-column is-vertically-aligned-top is-layout-flow wp-block-column-is-layout-flow\" style=\"flex-basis:75%\"><div style=\"font-size:11px;\" class=\"wp-block-post-date\"><time datetime=\"2024-05-13T12:00:00+00:00\">May 13, 2024<\/time><\/div>\n\n<h2 class=\"wp-block-post-title\"><a href=\"https:\/\/www.insiemein.eu\/en\/notizie\/inizia-la-campagna-dei-cocomeri-frutti-dolci-e-freschi-pronti-per-lestate\/\" target=\"_self\" >The Watermelon Campaign Begins: Sweet and Fresh Fruits Ready for Summer<\/a><\/h2>\n\n<div class=\"wp-block-post-excerpt\"><p class=\"wp-block-post-excerpt__excerpt\">Con l&#8217;arrivo della bella stagione, parte ufficialmente la campagna dei cocomeri, un frutto simbolo dell&#8217;estate e perfetto per combattere il caldo. I produttori italiani sono pronti a immettere sul mercato cocomeri di alta qualit\u00e0, raccolti al momento giusto per garantire dolcezza e freschezza. Quest&#8217;anno, grazie a tecniche agricole innovative, si prevede una produzione aumentata e&hellip;<\/p><p class=\"wp-block-post-excerpt__more-text\"><a class=\"wp-block-post-excerpt__more-link\" href=\"https:\/\/www.insiemein.eu\/en\/notizie\/inizia-la-campagna-dei-cocomeri-frutti-dolci-e-freschi-pronti-per-lestate\/\">Contina a leggere&#8230;<\/a><\/p><\/div><\/div>\n<\/div>\n\n<\/li><li class=\"wp-block-post post-555 post type-post status-publish format-standard has-post-thumbnail hentry category-notizie tag-alta-qualita tag-bio tag-raccolta tag-valeriana entry has-media\">\n\n<div class=\"wp-block-columns are-vertically-aligned-top is-layout-flex wp-container-core-columns-is-layout-4 wp-block-columns-is-layout-flex\">\n<div class=\"wp-block-column is-vertically-aligned-top is-layout-flow wp-block-column-is-layout-flow\" style=\"flex-basis:25%\"><figure class=\"wp-block-post-featured-image\"><a href=\"https:\/\/www.insiemein.eu\/en\/notizie\/valeriana-bio-di-alta-qualita-inizia-la-raccolta-per-le-insalate-invernali\/\" target=\"_self\"  ><img loading=\"lazy\" decoding=\"async\" width=\"330\" height=\"308\" src=\"https:\/\/www.insiemein.eu\/wp-content\/uploads\/2024\/11\/Valeriana.png\" class=\"attachment-post-thumbnail size-post-thumbnail wp-post-image\" alt=\"Valeriana Bio di Alta Qualit\u00e0: Inizia la Raccolta per le Insalate Invernali\" style=\"object-fit:cover;\" srcset=\"https:\/\/www.insiemein.eu\/wp-content\/uploads\/2024\/11\/Valeriana.png 330w, https:\/\/www.insiemein.eu\/wp-content\/uploads\/2024\/11\/Valeriana-300x280.png 300w, https:\/\/www.insiemein.eu\/wp-content\/uploads\/2024\/11\/Valeriana-13x12.png 13w\" sizes=\"(max-width: 330px) 100vw, 330px\" \/><\/a><\/figure><\/div>\n\n\n\n<div class=\"wp-block-column is-vertically-aligned-top is-layout-flow wp-block-column-is-layout-flow\" style=\"flex-basis:75%\"><div style=\"font-size:11px;\" class=\"wp-block-post-date\"><time datetime=\"2024-02-05T12:00:00+00:00\">February 5, 2024<\/time><\/div>\n\n<h2 class=\"wp-block-post-title\"><a href=\"https:\/\/www.insiemein.eu\/en\/notizie\/valeriana-bio-di-alta-qualita-inizia-la-raccolta-per-le-insalate-invernali\/\" target=\"_self\" >High Quality Organic Valerian: Harvesting for Winter Salads Begins<\/a><\/h2>\n\n<div class=\"wp-block-post-excerpt\"><p class=\"wp-block-post-excerpt__excerpt\">A febbraio entra nel vivo la raccolta della valeriana biologica, una pianta dalle foglie tenere e dal gusto delicato, ideale per insalate fresche e nutrienti anche in inverno. Grazie a tecniche di coltivazione rispettose dell\u2019ambiente, la valeriana bio di quest\u2019anno si presenta di alta qualit\u00e0 e ricca di vitamine. Questo ortaggio \u00e8 particolarmente richiesto per&hellip;<\/p><p class=\"wp-block-post-excerpt__more-text\"><a class=\"wp-block-post-excerpt__more-link\" href=\"https:\/\/www.insiemein.eu\/en\/notizie\/valeriana-bio-di-alta-qualita-inizia-la-raccolta-per-le-insalate-invernali\/\">Contina a leggere&#8230;<\/a><\/p><\/div><\/div>\n<\/div>\n\n<\/li><\/ul><\/div>\n\n\n\n<p><\/p>","protected":false},"excerpt":{"rendered":"","protected":false},"author":1,"featured_media":0,"parent":0,"menu_order":0,"comment_status":"closed","ping_status":"closed","template":"","meta":{"footnotes":""},"class_list":["post-153","page","type-page","status-publish","hentry","entry"],"_links":{"self":[{"href":"https:\/\/www.insiemein.eu\/en\/wp-json\/wp\/v2\/pages\/153"}],"collection":[{"href":"https:\/\/www.insiemein.eu\/en\/wp-json\/wp\/v2\/pages"}],"about":[{"href":"https:\/\/www.insiemein.eu\/en\/wp-json\/wp\/v2\/types\/page"}],"author":[{"embeddable":true,"href":"https:\/\/www.insiemein.eu\/en\/wp-json\/wp\/v2\/users\/1"}],"replies":[{"embeddable":true,"href":"https:\/\/www.insiemein.eu\/en\/wp-json\/wp\/v2\/comments?post=153"}],"version-history":[{"count":9,"href":"https:\/\/www.insiemein.eu\/en\/wp-json\/wp\/v2\/pages\/153\/revisions"}],"predecessor-version":[{"id":562,"href":"https:\/\/www.insiemein.eu\/en\/wp-json\/wp\/v2\/pages\/153\/revisions\/562"}],"wp:attachment":[{"href":"https:\/\/www.insiemein.eu\/en\/wp-json\/wp\/v2\/media?parent=153"}],"curies":[{"name":"wp","href":"https:\/\/api.w.org\/{rel}","templated":true}]}}

<p class="has-small-font-size"></p>



<div class="wp-block-query is-layout-flow wp-block-query-is-layout-flow"><ul class="wp-block-post-template is-layout-flow wp-block-post-template-is-layout-flow"><li class="wp-block-post post-557 post type-post status-publish format-standard has-post-thumbnail hentry category-notizie tag-carote tag-estero tag-italia entry has-media">

<div class="wp-block-columns are-vertically-aligned-top is-layout-flex wp-container-core-columns-is-layout-1 wp-block-columns-is-layout-flex">
<div class="wp-block-column is-vertically-aligned-top is-layout-flow wp-block-column-is-layout-flow" style="flex-basis:25%"><figure class="wp-block-post-featured-image"><a href="https://www.insiemein.eu/en/notizie/carote-di-primavera-fresche-e-croccanti-per-il-mercato-italiano-ed-estero/" target="_self"  ><img fetchpriority="high" decoding="async" width="960" height="1280" src="https://www.insiemein.eu/wp-content/uploads/2024/11/Carote-3-Large.jpeg" class="attachment-post-thumbnail size-post-thumbnail wp-post-image" alt="Carote di Primavera: Fresche e Croccanti per il Mercato Italiano ed Estero" style="object-fit:cover;" srcset="https://www.insiemein.eu/wp-content/uploads/2024/11/Carote-3-Large.jpeg 960w, https://www.insiemein.eu/wp-content/uploads/2024/11/Carote-3-Large-225x300.jpeg 225w, https://www.insiemein.eu/wp-content/uploads/2024/11/Carote-3-Large-768x1024.jpeg 768w, https://www.insiemein.eu/wp-content/uploads/2024/11/Carote-3-Large-9x12.jpeg 9w" sizes="(max-width: 960px) 100vw, 960px" /></a></figure></div>



<div class="wp-block-column is-vertically-aligned-top is-layout-flow wp-block-column-is-layout-flow" style="flex-basis:75%"><div style="font-size:11px;" class="wp-block-post-date"><time datetime="2024-05-27T12:00:00+00:00">May 27, 2024</time></div>

<h2 class="wp-block-post-title"><a href="https://www.insiemein.eu/en/notizie/carote-di-primavera-fresche-e-croccanti-per-il-mercato-italiano-ed-estero/" target="_self" >Spring Carrots: Fresh and Crispy for the Italian and Foreign Market</a></h2>

<div class="wp-block-post-excerpt"><p class="wp-block-post-excerpt__excerpt">A maggio, le carote italiane raggiungono il loro picco di raccolta. Quest’anno le condizioni climatiche hanno favorito la produzione di carote fresche, dolci e ricche di vitamine, pronte per essere distribuite sia sul mercato nazionale che internazionale. Le carote sono particolarmente apprezzate per la loro croccantezza e l&#8217;assenza di residui chimici. Ideali sia per il&hellip;</p><p class="wp-block-post-excerpt__more-text"><a class="wp-block-post-excerpt__more-link" href="https://www.insiemein.eu/en/notizie/carote-di-primavera-fresche-e-croccanti-per-il-mercato-italiano-ed-estero/">Contina a leggere&#8230;</a></p></div></div>
</div>

</li><li class="wp-block-post post-553 post type-post status-publish format-standard has-post-thumbnail hentry category-notizie tag-estero tag-raccolta tag-rucola entry has-media">

<div class="wp-block-columns are-vertically-aligned-top is-layout-flex wp-container-core-columns-is-layout-2 wp-block-columns-is-layout-flex">
<div class="wp-block-column is-vertically-aligned-top is-layout-flow wp-block-column-is-layout-flow" style="flex-basis:25%"><figure class="wp-block-post-featured-image"><a href="https://www.insiemein.eu/en/notizie/aumenta-la-raccolta-della-rucola-bio-per-il-mercato-estero/" target="_self"  ><img decoding="async" width="960" height="1280" src="https://www.insiemein.eu/wp-content/uploads/2024/11/Insalata-2-Large.jpeg" class="attachment-post-thumbnail size-post-thumbnail wp-post-image" alt="Aumenta la Raccolta della Rucola Bio per il Mercato Estero" style="object-fit:cover;" srcset="https://www.insiemein.eu/wp-content/uploads/2024/11/Insalata-2-Large.jpeg 960w, https://www.insiemein.eu/wp-content/uploads/2024/11/Insalata-2-Large-225x300.jpeg 225w, https://www.insiemein.eu/wp-content/uploads/2024/11/Insalata-2-Large-768x1024.jpeg 768w, https://www.insiemein.eu/wp-content/uploads/2024/11/Insalata-2-Large-9x12.jpeg 9w" sizes="(max-width: 960px) 100vw, 960px" /></a></figure></div>



<div class="wp-block-column is-vertically-aligned-top is-layout-flow wp-block-column-is-layout-flow" style="flex-basis:75%"><div style="font-size:11px;" class="wp-block-post-date"><time datetime="2024-05-20T12:00:00+00:00">May 20, 2024</time></div>

<h2 class="wp-block-post-title"><a href="https://www.insiemein.eu/en/notizie/aumenta-la-raccolta-della-rucola-bio-per-il-mercato-estero/" target="_self" >The harvest of organic rocket for the foreign market increases</a></h2>

<div class="wp-block-post-excerpt"><p class="wp-block-post-excerpt__excerpt">Maggio è un mese cruciale per la raccolta della rucola biologica destinata all’esportazione. Grazie a condizioni climatiche favorevoli e tecniche di coltivazione sostenibili, quest&#8217;anno si registra un aumento della produzione. La rucola bio italiana, apprezzata per il suo sapore pungente e le sue qualità nutritive, è sempre più richiesta in mercati come Germania, Francia e&hellip;</p><p class="wp-block-post-excerpt__more-text"><a class="wp-block-post-excerpt__more-link" href="https://www.insiemein.eu/en/notizie/aumenta-la-raccolta-della-rucola-bio-per-il-mercato-estero/">Contina a leggere&#8230;</a></p></div></div>
</div>

</li><li class="wp-block-post post-551 post type-post status-publish format-standard has-post-thumbnail hentry category-notizie tag-campagna tag-cocomeri tag-estate entry has-media">

<div class="wp-block-columns are-vertically-aligned-top is-layout-flex wp-container-core-columns-is-layout-3 wp-block-columns-is-layout-flex">
<div class="wp-block-column is-vertically-aligned-top is-layout-flow wp-block-column-is-layout-flow" style="flex-basis:25%"><figure class="wp-block-post-featured-image"><a href="https://www.insiemein.eu/en/notizie/inizia-la-campagna-dei-cocomeri-frutti-dolci-e-freschi-pronti-per-lestate/" target="_self"  ><img decoding="async" width="272" height="318" src="https://www.insiemein.eu/wp-content/uploads/2024/11/Cocomero.png" class="attachment-post-thumbnail size-post-thumbnail wp-post-image" alt="Inizia la Campagna dei Cocomeri: Frutti Dolci e Freschi Pronti per l’Estate" style="object-fit:cover;" srcset="https://www.insiemein.eu/wp-content/uploads/2024/11/Cocomero.png 272w, https://www.insiemein.eu/wp-content/uploads/2024/11/Cocomero-257x300.png 257w, https://www.insiemein.eu/wp-content/uploads/2024/11/Cocomero-10x12.png 10w" sizes="(max-width: 272px) 100vw, 272px" /></a></figure></div>



<div class="wp-block-column is-vertically-aligned-top is-layout-flow wp-block-column-is-layout-flow" style="flex-basis:75%"><div style="font-size:11px;" class="wp-block-post-date"><time datetime="2024-05-13T12:00:00+00:00">May 13, 2024</time></div>

<h2 class="wp-block-post-title"><a href="https://www.insiemein.eu/en/notizie/inizia-la-campagna-dei-cocomeri-frutti-dolci-e-freschi-pronti-per-lestate/" target="_self" >The Watermelon Campaign Begins: Sweet and Fresh Fruits Ready for Summer</a></h2>

<div class="wp-block-post-excerpt"><p class="wp-block-post-excerpt__excerpt">Con l&#8217;arrivo della bella stagione, parte ufficialmente la campagna dei cocomeri, un frutto simbolo dell&#8217;estate e perfetto per combattere il caldo. I produttori italiani sono pronti a immettere sul mercato cocomeri di alta qualità, raccolti al momento giusto per garantire dolcezza e freschezza. Quest&#8217;anno, grazie a tecniche agricole innovative, si prevede una produzione aumentata e&hellip;</p><p class="wp-block-post-excerpt__more-text"><a class="wp-block-post-excerpt__more-link" href="https://www.insiemein.eu/en/notizie/inizia-la-campagna-dei-cocomeri-frutti-dolci-e-freschi-pronti-per-lestate/">Contina a leggere&#8230;</a></p></div></div>
</div>

</li><li class="wp-block-post post-555 post type-post status-publish format-standard has-post-thumbnail hentry category-notizie tag-alta-qualita tag-bio tag-raccolta tag-valeriana entry has-media">

<div class="wp-block-columns are-vertically-aligned-top is-layout-flex wp-container-core-columns-is-layout-4 wp-block-columns-is-layout-flex">
<div class="wp-block-column is-vertically-aligned-top is-layout-flow wp-block-column-is-layout-flow" style="flex-basis:25%"><figure class="wp-block-post-featured-image"><a href="https://www.insiemein.eu/en/notizie/valeriana-bio-di-alta-qualita-inizia-la-raccolta-per-le-insalate-invernali/" target="_self"  ><img loading="lazy" decoding="async" width="330" height="308" src="https://www.insiemein.eu/wp-content/uploads/2024/11/Valeriana.png" class="attachment-post-thumbnail size-post-thumbnail wp-post-image" alt="Valeriana Bio di Alta Qualità: Inizia la Raccolta per le Insalate Invernali" style="object-fit:cover;" srcset="https://www.insiemein.eu/wp-content/uploads/2024/11/Valeriana.png 330w, https://www.insiemein.eu/wp-content/uploads/2024/11/Valeriana-300x280.png 300w, https://www.insiemein.eu/wp-content/uploads/2024/11/Valeriana-13x12.png 13w" sizes="(max-width: 330px) 100vw, 330px" /></a></figure></div>



<div class="wp-block-column is-vertically-aligned-top is-layout-flow wp-block-column-is-layout-flow" style="flex-basis:75%"><div style="font-size:11px;" class="wp-block-post-date"><time datetime="2024-02-05T12:00:00+00:00">February 5, 2024</time></div>

<h2 class="wp-block-post-title"><a href="https://www.insiemein.eu/en/notizie/valeriana-bio-di-alta-qualita-inizia-la-raccolta-per-le-insalate-invernali/" target="_self" >High Quality Organic Valerian: Harvesting for Winter Salads Begins</a></h2>

<div class="wp-block-post-excerpt"><p class="wp-block-post-excerpt__excerpt">A febbraio entra nel vivo la raccolta della valeriana biologica, una pianta dalle foglie tenere e dal gusto delicato, ideale per insalate fresche e nutrienti anche in inverno. Grazie a tecniche di coltivazione rispettose dell’ambiente, la valeriana bio di quest’anno si presenta di alta qualità e ricca di vitamine. Questo ortaggio è particolarmente richiesto per&hellip;</p><p class="wp-block-post-excerpt__more-text"><a class="wp-block-post-excerpt__more-link" href="https://www.insiemein.eu/en/notizie/valeriana-bio-di-alta-qualita-inizia-la-raccolta-per-le-insalate-invernali/">Contina a leggere&#8230;</a></p></div></div>
</div>

</li></ul></div>



<p></p>
